p(m) = 3*m - 2 - 7 - 1 - 5*m. Suppose 65*n + 12 = 64*n. Let o be p(n). Calculate the greatest common divisor of 91 and o.
7
Let z be (-1 + -4)*3/(-15). Let a be (z/(4/(-6)))/((-1)/30). Let u be 3/(a/10) - (-116)/6. Calculate the highest common factor of 20 and u.
20
Suppose 2*z = 9 + 1, 4*p = z + 155. Let o = 200 - 160. Calculate the greatest common factor of p and o.
40
Let u be -14 - (-246 - 240/(-16)). Let f(h) = -h**3 - h**2 + 4*h - 1. Let b be f(-4). Calculate the greatest common divisor of u and b.
31
Let l = -3181 - -3373. Let r = 236 + -376. Let x be 8/12 - r/6. What is the greatest common factor of x and l?
24
Suppose -45*k = 2029 + 5351. Let n = 529 - k. Calculate the greatest common factor of n and 11.
11
Let s be ((-2)/4)/(2/(-308)). Suppose 56*t = 18*t - 32870. Let i = t + 887. Calculate the highest common factor of i and s.
11
Let s(k) = 3*k**2 - 812*k + 3249. Let p be s(4). What is the highest common factor of p and 259?
7
Suppose -21*w - 25*w + 73*w - 2808 = 0. What is the greatest common divisor of w and 715?
13
Let c(o) = o**3 + 26*o**2 - 27*o + 9. Let s be -3 - (-1)/(-1 - -2). Let l be (-3 + 65)/s - -4. Let z be c(l). What is the greatest common divisor of z and 9?
9
Suppose -8*d + 10*d - 4*x = 152, -8 = -2*x. Calculate the highest common factor of 126 and d.
42
Let p = 19561 - 18003. What is the highest common divisor of p and 57?
19
Let h = 11 + -12. Let j be (15 + h)*216/84. Suppose j = -2*b + 6*b. Calculate the highest common divisor of 45 and b.
9
Let g = 1092 + 2478. Calculate the highest common factor of g and 150.
30
Suppose -y = -4*y + 810. Suppose -4*w = -b - 2, -52 - 4 = -5*b - 2*w. What is the highest common divisor of y and b?
10
Let n be ((-2)/3)/(-4*(-62076)/16560 - 15). What is the greatest common factor of 2392 and n?
23
Suppose -3*w = -2*n + 1377, 111*n + w = 116*n - 3423. What is the highest common factor of n and 912?
228
Let n be (380/50 - 1)/((-2)/(-260)). What is the greatest common factor of n and 78?
78
Let u be (13 - -1558) + 31 - (0 + -2). Calculate the greatest common divisor of u and 8.
4
Let d be 3/((-15)/(-3605)) + -1. Let q = -3053 + 3089. Calculate the greatest common divisor of d and q.
36
Let v be (-843)/(-21) + (-3)/21. Suppose -u + 4*i - v = -3*u, u + i - 22 = 0. What is the greatest common factor of u and 312?
24
Suppose -143 = -2*i + 3*n - 74, -31 = -i - 2*n. Suppose -5*f - v + 3*v = -3361, -f = v - 668. Calculate the highest common factor of i and f.
11
Suppose -7*d + 118 = 5*x - 5*d, x + 3*d - 8 = 0. What is the greatest common factor of x and 1157?
13
Suppose -3*i + 26 - 74 = -2*z, -z = 3. Let l be (i/2)/((-2)/18). Let f(b) = 6*b**2 - 11*b + 25. Let q be f(2). What is the greatest common factor of q and l?
27
Let k = -3479 + 3509. Calculate the greatest common divisor of k and 1010.
10
Suppose 0 = -p - 83 + 437. Let j = -348 + p. What is the greatest common divisor of 18 and j?
6
Let m(w) = w**3 - 154*w**2 - 1125*w + 250. Let x be m(161). Calculate the highest common divisor of 242 and x.
22
Suppose 2*q - 1149 = -1141. What is the greatest common factor of 282 and q?
2
Suppose 5*s - 4*f + 14 = 575, 258 = 2*s + 4*f. Calculate the highest common divisor of s and 99.
9
Suppose 0*d - 348 = -5*s + 6*d - 4*d, -12 = 3*d. Suppose 0 = o - w - 7 - 13, -o - 2*w + 20 = 0. Calculate the highest common divisor of o and s.
4
Let v(p) = 40*p**2 - 164*p - 1088. Let n be v(-7). What is the highest common factor of 20 and n?
20
Suppose 5*c + 42 = 57. Suppose -21*q = -c*q - 2574. Let b = q + -126. What is the greatest common divisor of b and 153?
17
Let s = -224010 - -224102. Suppose 3*b - c = 37, 2*b + 3*b + c - 59 = 0. Calculate the highest common factor of s and b.
4
Let f = 1448 + -1414. What is the greatest common divisor of f and 3349?
17
Let n(p) = p**2 - 5*p - 10. Let x be n(7). Let z = 539 + -13. Suppose -z = -30*t + 74. What is the greatest common factor of t and x?
4
Let g = 23257 - 23236. Suppose 0 = -2*l + 5*y + 87, -l = 3*y - 6*y - 41. What is the highest common divisor of l and g?
7
Let t(r) = 347*r - 158. Let l be t(8). Calculate the greatest common divisor of l and 308.
154
Suppose 10*g - 24937 = 2863. Calculate the greatest common divisor of 20 and g.
20
Let j = 464 + -396. Suppose 7*w - 7480 = -13*w. Calculate the highest common divisor of j and w.
34
Let c(k) = -k**2 + k + 15. Let q be c(-6). Let w = q - -36. Let y(g) = g**3 - 8*g**2 - 10*g + 13. Let r be y(w). What is the highest common factor of r and 6?
2
Suppose -10 = -4*s + 14. Let f = -2881 - -3031. What is the highest common divisor of s and f?
6
Suppose -2*l = -3*m + 79, -2*m + 5*l - 14 = -63. Let h = m - -165. Calculate the highest common divisor of 80 and h.
16
Suppose 659*p + 1574 - 62861 = 0. Let m be 31*2/4*2. Calculate the highest common factor of m and p.
31
Let k be ((-25)/50)/((-3)/76788) + 2. Calculate the highest common factor of k and 200.
200
Suppose -5 = -5*u + 20. Suppose -k + 0 = g - 7, 2*k + u*g - 14 = 0. Suppose 5*f - 12 = -k*f. What is the greatest common factor of f and 7?
1
Suppose 60*p - 21260 = 121480. What is the greatest common factor of 312 and p?
39
Let v(g) = -613*g - 861. Let s be v(-21). What is the greatest common divisor of 154 and s?
154
Let d(z) = -z**2 - 10*z - 12. Let a be d(-8). Suppose 16 - a = 3*s. Calculate the greatest common divisor of 216 and s.
4
Suppose -2*r = 0, 3*y - r = 8*y - 4420. Calculate the highest common factor of y and 104.
52
Let b(n) = -3*n + 69. Let j be b(0). Let f = j + -64. Suppose t + f*y - 252 = -2*t, y = 0. What is the highest common factor of 28 and t?
28
Let r(g) = -5*g**2 - 49*g + 12. Let q be r(-10). Suppose 2*b + 5*l = 29, 5*b - q*l - 68 = -10. Let s = 12 - 4. What is the greatest common divisor of s and b?
4
Let v be (-29 + 16 - -12)*-1. Suppose -3*a - 26 = 28. Let c be 4/a + 58/18. Calculate the highest common factor of v and c.
1
Suppose 3*x = 5*p + 639, -x - 2*p + 217 = -5*p. Let q(o) = 2*o**2 + 400*o - 5522. Let t be q(13). Calculate the highest common factor of t and x.
16
Let y(j) = -j**3 - j**2 + 27*j - 6. Let d be y(4). Calculate the greatest common divisor of 7414 and d.
22
Let z = -16985 - -17073. Calculate the highest common divisor of z and 1408.
88
Let r = -33157 + -3222. Let j be (12/(-10))/(-5 - r/7280). Calculate the greatest common factor of 52 and j.
52
Let y(v) = -12*v**2 - 24 + 38*v**2 - 17 + 2 - 17 - 10*v. Let b be y(-7). What is the highest common divisor of 56 and b?
56
Let s(i) = 53 - 47*i + 150*i - 23*i - 46*i - 2*i**2. Let y be s(18). What is the highest common factor of y and 204?
17
Let n(j) = 28*j**2 + 8*j - 5. Let v be n(4). Calculate the greatest common divisor of 57 and v.
19
Let o be (6/10)/((-54)/(-360)). Suppose i + 3*z - 57 = 0, -3*z + 13 - 256 = -o*i. Calculate the highest common factor of i and 15.
15
Let c be (-11 + -8 - -38) + (4 - -1). Suppose 3*v - 8*v = -80. What is the highest common factor of c and v?
8
Suppose -2*a = 3*u + 156, -4*u - 399 = 5*a - u. Let h = a - -95. Suppose -v = 2*v - 105. Calculate the greatest common divisor of v and h.
7
Let g be 15/((1/(-3))/(-1)). Let n = -192 + 217. Let z be n - (1 - 3 - 3). Calculate the highest common factor of g and z.
15
Let t be ((4 - -4 - 10) + 425)/1. Calculate the greatest common factor of t and 329.
47
Let h = 1621 + -489. Let b be (h/8)/((-1)/(-2)). Let z = -159 + b. What is the highest common divisor of 31 and z?
31
Let l be 266/18 - (-2)/9. Let x = 4326 + -2016. Suppose 24*m = 2*m + x. Calculate the highest common factor of m and l.
15
Suppose -2641*s + 2721*s = 400. Calculate the greatest common factor of s and 156.
1
Suppose r - 3*k + 7 = 0, 2 + 1 = 3*k. Let t be -1*-4*17/r*-1. What is the greatest common divisor of 136 and t?
17
Let i = 1617 + -1188. What is the greatest common factor of 363 and i?
33
Let s(l) = 103*l**2 - 2*l + 1. Let c be s(1). Let p(z) = -1504*z + 1674. Let h be p(1). Calculate the highest common divisor of c and h.
34
Let y(d) = -2*d**2 - 1. Let x(b) = b**2 - 28*b + 116. Let o(j) = -x(j) - y(j). Let l be o(-32). What is the greatest common divisor of l and 403?
13
Let q be (183/2)/(420/3920). What is the highest common factor of 35441 and q?
427
Let j = -1307 - -1333. What is the greatest common factor of 247 and j?
13
Let v(m) = -1